{"id":238,"date":"2015-11-12T17:21:49","date_gmt":"2015-11-12T17:21:49","guid":{"rendered":"http:\/\/excelenciaorganizacional.com\/?page_id=238"},"modified":"2023-10-14T01:24:28","modified_gmt":"2023-10-14T01:24:28","slug":"solucion-de-problemas-con-la-metodologia-de-las-8-ds","status":"publish","type":"page","link":"http:\/\/excelenciaorganizacional.com\/index.php\/cursos\/solucion-de-problemas-con-la-metodologia-de-las-8-ds\/","title":{"rendered":"Soluci\u00f3n de Problemas con la metodolog\u00eda de las 8 D&#8217;s"},"content":{"rendered":"<p style=\"text-align: center;\"><a href=\"http:\/\/excelenciaorganizacional.com\/wp-content\/uploads\/2015\/11\/Solucion-Problemas.jpg\" rel=\"lightbox[238]\"><img loading=\"lazy\" decoding=\"async\" class=\"alignnone wp-image-239\" src=\"http:\/\/excelenciaorganizacional.com\/wp-content\/uploads\/2015\/11\/Solucion-Problemas.jpg\" alt=\"Solucion Problemas\" width=\"329\" height=\"219\" srcset=\"http:\/\/excelenciaorganizacional.com\/wp-content\/uploads\/2015\/11\/Solucion-Problemas.jpg 275w, http:\/\/excelenciaorganizacional.com\/wp-content\/uploads\/2015\/11\/Solucion-Problemas-210x140.jpg 210w\" sizes=\"auto, (max-width: 329px) 100vw, 329px\" \/><\/a><\/p>\n<h3 style=\"text-align: left;\"><span style=\"color: #b6ac00;\">Objetivo:<\/span><\/h3>\n<p>Al final del taller, los participantes desarrollar\u00e1n las Aptitudes y Actitudes necesarias para incrementar sus capacidades para lograr una eficaz Resoluci\u00f3n de Problemas bajo una metodolog\u00eda de Clase Mundial (8 D&#8217;s), permiti\u00e9ndoles con esto aumentar la Productividad, as\u00ed como la Contribuci\u00f3n al logro de los Objetivos del Negocio, desarrollando al mismo tiempo una Cultura de Excelencia Organizacional.<\/p>\n<p style=\"text-align: center;\"><img loading=\"lazy\" decoding=\"async\" class=\"aligncenter size-full wp-image-1088\" src=\"http:\/\/excelenciaorganizacional.com\/wp-content\/uploads\/2022\/09\/Imagen10.jpg\" alt=\"\" width=\"794\" height=\"450\" srcset=\"http:\/\/excelenciaorganizacional.com\/wp-content\/uploads\/2022\/09\/Imagen10.jpg 794w, http:\/\/excelenciaorganizacional.com\/wp-content\/uploads\/2022\/09\/Imagen10-300x170.jpg 300w, http:\/\/excelenciaorganizacional.com\/wp-content\/uploads\/2022\/09\/Imagen10-210x119.jpg 210w\" sizes=\"auto, (max-width: 794px) 100vw, 794px\" \/><\/p>\n<h3 style=\"text-align: left;\"><span style=\"color: #b6ac00;\">Temario:<\/span><\/h3>\n<p style=\"text-align: left;\">a) Introducci\u00f3n<\/p>\n<p style=\"text-align: left;\">b) M\u00e9todo de los 8 Pasos:<br \/>\n1. Formaci\u00f3n de un equipo de expertos para la soluci\u00f3n del problema.<br \/>\n2. Definici\u00f3n del problema.<br \/>\n3. Implementaci\u00f3n de acci\u00f3n provisional de contenci\u00f3n<br \/>\n4. Identificaci\u00f3n de la causa ra\u00edz.<br \/>\n5. Desarrollar soluciones permanentes<br \/>\n6. Implementaci\u00f3n y validaci\u00f3n de soluciones permanentes.<br \/>\n7. Prevenci\u00f3n de recurrencia y problemas similares.<br \/>\n8. Cierre del problema y reconocer contribuciones<\/p>\n<h3 style=\"text-align: left;\"><span style=\"color: #b6ac00;\">Beneficios:<\/span><\/h3>\n<p style=\"text-align: left;\">Los participantes desarrollar\u00e1n las capacidades y habilidades necesarias para la aplicaci\u00f3n de los conceptos y herramientas de la Metodolog\u00eda de las 8 D&#8217;s en la Resoluci\u00f3n de Problemas.<\/p>\n<h3 style=\"text-align: left;\"><span style=\"color: #b6ac00;\">Dirigido a:<\/span><\/h3>\n<p style=\"text-align: left;\">Directores\/Gerentes Generales, de Planta, de Recursos Humanos, de Desarrollo Organizacional, de Operaciones, L\u00edderes de \u00c1rea y Mandos Intermedios que desean mejorar su habilidad en la resoluci\u00f3n de problemas y la de sus colaboradores.<\/p>\n","protected":false},"excerpt":{"rendered":"<p>Objetivo: Al final del taller, los participantes desarrollar\u00e1n las Aptitudes y Actitudes necesarias para incrementar sus capacidades para lograr una eficaz Resoluci\u00f3n de Problemas bajo una metodolog\u00eda de Clase Mundial &hellip; <a class=\"readmore\" href=\"http:\/\/excelenciaorganizacional.com\/index.php\/cursos\/solucion-de-problemas-con-la-metodologia-de-las-8-ds\/\">Continuar Leyendo &rarr;<\/a><\/p>\n","protected":false},"author":1,"featured_media":0,"parent":227,"menu_order":0,"comment_status":"closed","ping_status":"closed","template":"","meta":{"footnotes":""},"class_list":["post-238","page","type-page","status-publish","hentry"],"_links":{"self":[{"href":"http:\/\/excelenciaorganizacional.com\/index.php\/wp-json\/wp\/v2\/pages\/238","targetHints":{"allow":["GET"]}}],"collection":[{"href":"http:\/\/excelenciaorganizacional.com\/index.php\/wp-json\/wp\/v2\/pages"}],"about":[{"href":"http:\/\/excelenciaorganizacional.com\/index.php\/wp-json\/wp\/v2\/types\/page"}],"author":[{"embeddable":true,"href":"http:\/\/excelenciaorganizacional.com\/index.php\/wp-json\/wp\/v2\/users\/1"}],"replies":[{"embeddable":true,"href":"http:\/\/excelenciaorganizacional.com\/index.php\/wp-json\/wp\/v2\/comments?post=238"}],"version-history":[{"count":3,"href":"http:\/\/excelenciaorganizacional.com\/index.php\/wp-json\/wp\/v2\/pages\/238\/revisions"}],"predecessor-version":[{"id":1373,"href":"http:\/\/excelenciaorganizacional.com\/index.php\/wp-json\/wp\/v2\/pages\/238\/revisions\/1373"}],"up":[{"embeddable":true,"href":"http:\/\/excelenciaorganizacional.com\/index.php\/wp-json\/wp\/v2\/pages\/227"}],"wp:attachment":[{"href":"http:\/\/excelenciaorganizacional.com\/index.php\/wp-json\/wp\/v2\/media?parent=238"}],"curies":[{"name":"wp","href":"https:\/\/api.w.org\/{rel}","templated":true}]}}