{"id":443,"date":"2016-05-19T17:23:12","date_gmt":"2016-05-19T17:23:12","guid":{"rendered":"http:\/\/excelenciaorganizacional.com\/?page_id=443"},"modified":"2016-05-19T17:25:04","modified_gmt":"2016-05-19T17:25:04","slug":"liderazgo-servicial-entrevista-a-don-luis-h-alvarez-2002","status":"publish","type":"page","link":"http:\/\/excelenciaorganizacional.com\/index.php\/articulos\/liderazgo-servicial-entrevista-a-don-luis-h-alvarez-2002\/","title":{"rendered":"Liderazgo Servicial &#8211; Entrevista a Don Luis H \u00c1lvarez 2002"},"content":{"rendered":"<h4 style=\"text-align: center;\"><\/h4>\n<p><a href=\"http:\/\/excelenciaorganizacional.com\/wp-content\/uploads\/2016\/05\/L-H-Alvarez.jpg\" rel=\"lightbox[443]\"><img loading=\"lazy\" decoding=\"async\" class=\"aligncenter wp-image-444 size-large\" src=\"http:\/\/excelenciaorganizacional.com\/wp-content\/uploads\/2016\/05\/L-H-Alvarez-1024x675.jpg\" alt=\"L H Alvarez\" width=\"642\" height=\"423\" srcset=\"http:\/\/excelenciaorganizacional.com\/wp-content\/uploads\/2016\/05\/L-H-Alvarez-1024x675.jpg 1024w, http:\/\/excelenciaorganizacional.com\/wp-content\/uploads\/2016\/05\/L-H-Alvarez-300x198.jpg 300w, http:\/\/excelenciaorganizacional.com\/wp-content\/uploads\/2016\/05\/L-H-Alvarez-210x138.jpg 210w\" sizes=\"auto, (max-width: 642px) 100vw, 642px\" \/><\/a><\/p>\n<p style=\"text-align: justify;\">El d\u00eda de ayer falleci\u00f3 Don Luis H. \u00c1lvarez, y \u00a0record\u00e9 que hace 14 a\u00f1os tuve la fortuna de hacerle una entrevista precisamente un 13 de Mayo del 2002 como parte de un estudio de Liderazgo que realizaba en aquel entonces, por lo que me gustar\u00eda compartir con ustedes un peque\u00f1o extracto de algunos conceptos que comparti\u00f3 conmigo en aquella ocasi\u00f3n.<\/p>\n<p style=\"text-align: justify;\">Don Luis naci\u00f3 el 25 de Octubre de 1919 en Camargo, Chihuahua y muere en\u00a0la Ciudad de Le\u00f3n, Guanajuato,\u00a0el 18 de Mayo del presente a\u00f1o. El pol\u00edtico chihuahuense fue presidente nacional del PAN de 1987 a 1993 y fue abanderado albiazul en la contienda presidencial de M\u00e9xico en 1958.<\/p>\n<p style=\"text-align: justify;\">Don Luis tambi\u00e9n fue funcionario por elecci\u00f3n popular, como senador en las sufragios de 1994 a 2000 y de 1983 a 1986 como presidente municipal de Chihuahua. El maestro en ingenier\u00eda tambi\u00e9n se desempe\u00f1\u00f3 en cargos federales. En el a\u00f1o 2000, el presidente Vicente Fox lo design\u00f3 coordinador para el Di\u00e1logo para la Paz en Chiapas. En el 2006, el presidente Felipe Calder\u00f3n Hinojosa lo nombr\u00f3 Comisionado para el Desarrollo de los Pueblos Ind\u00edgenas, hasta el 23 de diciembre de 2009 en que lo nombr\u00f3 consejero para la Atenci\u00f3n a Grupos Vulnerables.<\/p>\n<p style=\"text-align: justify;\">Don Luis, para usted que significa Liderazgo: <em>\u201cAlguien que tenga la oportunidad de predicar con el ejemplo e intente encarnar aquellos postulados que son propios\u201d<\/em><\/p>\n<p style=\"text-align: justify;\">\u00bfCu\u00e1les considera usted que sean las caracter\u00edsticas m\u00e1s importantes de un l\u00edder<em>?:\u201dPerseverancia en el esfuerzo, congruencia, es decir, alinear el actuar con el decir, tener una clara idea de los objetivos que se persigue y actuar en consecuencia.\u201d<\/em><\/p>\n<p style=\"text-align: justify;\">\u00bfC\u00f3mo fue que inici\u00f3 usted su Liderazgo?: <em>En mis inicios, me sorprend\u00eda que sin proponerme ocupar alg\u00fan puesto de liderazgo, algunos medios me buscaban, no era algo que conscientemente estaba yo buscando. La verdad yo procuraba mantener un perfil bajo y creo que fue en High School (porque estudi\u00e9 fuera del pa\u00eds) donde por vez primera se me present\u00f3 una situaci\u00f3n inesperada. Estaba por terminarla y algunos compa\u00f1eros me propusieron para ser el presidente del estudiantado, lo que fue una sorpresa para m\u00ed y fui designado presidente, siendo la primera vez que un estudiante de procedencia latina lo lograba, pero en verdad no estaba interesado y no lo acept\u00e9. Posteriormente empec\u00e9 a desarrollarme en el \u00e1mbito empresarial y fue ah\u00ed donde comenc\u00e9 a ocupar algunos puestos de liderazgo, fui presidente de la C\u00e1mara Textil del Norte un par de ocasiones y despu\u00e9s en Ciudad Ju\u00e1rez algunos de los pocos pol\u00edticos panistas que hab\u00eda en aquel entonces me empezaron a invitar a participar en sus reuniones. En una de ellas, en donde la verdad yo iba nada m\u00e1s de curioso, se estaban preparando las nominaciones a candidaturas a diputaci\u00f3n federal, en varias ocasiones me invitaron a participar pero las rechace. Despu\u00e9s de varios intentos e insistencias, decid\u00ed participar pero como coordinador de campa\u00f1as y logramos el triunfo en candidaturas a diputado federal de Chihuahua por primera vez como partido opositor. Despu\u00e9s, al a\u00f1o siguiente asist\u00ed a una convenci\u00f3n estatal del PAN donde se elegir\u00eda la candidatura a la Gubernatura del Estado, y a donde acud\u00eda despu\u00e9s de haberle prometido a mi esposa no participar m\u00e1s en puestos pol\u00edticos, Pero ya en la reuni\u00f3n, se decret\u00f3 un receso inesperado que se prolongaba de manera inusual. Quien presidia la sesi\u00f3n era el presidente del PAN, el Lic. G\u00f3mez Mor\u00edn, y durante el receso se me acerc\u00f3 y se present\u00f3 conmigo para hacerme la invitaci\u00f3n a participar como pre-candidato a la gubernatura, a la que rechac\u00e9 de manera inmediata,\u00a0 pero se fue prolongando el receso m\u00e1s y m\u00e1s, a lo que despu\u00e9s me enter\u00e9 se deb\u00eda a que todos los pre-candidatos estaban rechaz\u00e1ndola. Y fue as\u00ed, que en un momento dado, despu\u00e9s de hacer una reflexi\u00f3n muy personal me cuestion\u00e9 si pod\u00eda seguir siendo un cr\u00edtico de las condiciones socio-pol\u00edticas de M\u00e9xico sin hacer un esfuerzo por participar activamente, y as\u00ed, decid\u00ed participar. Para mi fortuna, despu\u00e9s de algunas rondas de discusiones, tuve el apoyo y soporte del partido, aunque posteriormente perd\u00ed las elecciones, y como se podr\u00e1 usted imaginar, hab\u00eda muchas dudas de la legitimidad de los procesos electorales en aquella ocasi\u00f3n. As\u00ed iniciamos una cadena de protestas que culminaron en la Ciudad de M\u00e9xico, lo que nos dio presencia nacional, dos a\u00f1os despu\u00e9s me volvieron buscar, e insist\u00ed en rechazarla, pero finalmente se impuso la convenci\u00f3n, y quiero ser muy sincero, yo no buscaba los puestos, me llegaban, posteriormente me nombraron candidato a la Presidencia de la Republica.\u201d<\/em><\/p>\n<p style=\"text-align: justify;\">\u00bfC\u00f3mo se prepar\u00f3 usted para ser un l\u00edder efectivo?: \u201c<em>B\u00e1sicamente te puedo decir que fue a trav\u00e9s de la preparaci\u00f3n constante, document\u00e1ndome, leyendo, estudiando.\u201d<\/em><\/p>\n<p style=\"text-align: justify;\">\u00bfC\u00f3mo se administra el Poder?: <em>\u201cProcur\u00e9 siempre hacerlo en consulta con otros, la toma de decisiones en la soledad del despacho no me motivaba, y siempre busque formar Equipos con gente \u00e9tica, preparada y bien intencionada. El Trabajo en Equipo para m\u00ed siempre fue fundamental\u201d<\/em><\/p>\n<p style=\"text-align: justify;\">Descanse en paz Don Luis, un hombre, por lo que alcance a ver, integro, congruente y sobretodo, un hombre que dio su vida por un M\u00e9xico mejor.<\/p>\n","protected":false},"excerpt":{"rendered":"<p>El d\u00eda de ayer falleci\u00f3 Don Luis H. \u00c1lvarez, y \u00a0record\u00e9 que hace 14 a\u00f1os tuve la fortuna de hacerle una entrevista precisamente un 13 de Mayo del 2002 como &hellip; <a class=\"readmore\" href=\"http:\/\/excelenciaorganizacional.com\/index.php\/articulos\/liderazgo-servicial-entrevista-a-don-luis-h-alvarez-2002\/\">Continuar Leyendo &rarr;<\/a><\/p>\n","protected":false},"author":1,"featured_media":0,"parent":159,"menu_order":0,"comment_status":"closed","ping_status":"closed","template":"","meta":{"footnotes":""},"class_list":["post-443","page","type-page","status-publish","hentry"],"_links":{"self":[{"href":"http:\/\/excelenciaorganizacional.com\/index.php\/wp-json\/wp\/v2\/pages\/443","targetHints":{"allow":["GET"]}}],"collection":[{"href":"http:\/\/excelenciaorganizacional.com\/index.php\/wp-json\/wp\/v2\/pages"}],"about":[{"href":"http:\/\/excelenciaorganizacional.com\/index.php\/wp-json\/wp\/v2\/types\/page"}],"author":[{"embeddable":true,"href":"http:\/\/excelenciaorganizacional.com\/index.php\/wp-json\/wp\/v2\/users\/1"}],"replies":[{"embeddable":true,"href":"http:\/\/excelenciaorganizacional.com\/index.php\/wp-json\/wp\/v2\/comments?post=443"}],"version-history":[{"count":4,"href":"http:\/\/excelenciaorganizacional.com\/index.php\/wp-json\/wp\/v2\/pages\/443\/revisions"}],"predecessor-version":[{"id":448,"href":"http:\/\/excelenciaorganizacional.com\/index.php\/wp-json\/wp\/v2\/pages\/443\/revisions\/448"}],"up":[{"embeddable":true,"href":"http:\/\/excelenciaorganizacional.com\/index.php\/wp-json\/wp\/v2\/pages\/159"}],"wp:attachment":[{"href":"http:\/\/excelenciaorganizacional.com\/index.php\/wp-json\/wp\/v2\/media?parent=443"}],"curies":[{"name":"wp","href":"https:\/\/api.w.org\/{rel}","templated":true}]}}